{"id":101,"date":"2025-06-26T17:22:48","date_gmt":"2025-06-26T17:22:48","guid":{"rendered":"https:\/\/kamagra-podgorica.me\/?post_type=product&#038;p=101"},"modified":"2026-05-04T05:59:33","modified_gmt":"2026-05-04T05:59:33","slug":"kamagra-gold-100mg-tablete","status":"publish","type":"product","link":"https:\/\/kamagra-podgorica.me\/?product=kamagra-gold-100mg-tablete","title":{"rendered":"Kamagra Gold Tablete 100mg \u2013 Sildenafil za Potenciju Podgorica Crna Gora"},"content":{"rendered":"<p>DEJSTVO: Sildenafil je sna\u017ean selektivni inhibitor cGMP-specificne fosfodiesteraze (PDE 5), odgovorne za razlaganje ciklicnog GMP u corpus cavernusumu penisa. Lijek nema direktno relaksantno dejstvo ve\u0107 potencira dejstvo azotmonoksida (NO) u kavernoznom tijelu. Pri seksualnoj stimulaciji, kada je sistem NO\/cGMPaktiviran, sildenafil inhibise PDE 5, razgradnja cGMP je manja, pa njegova koncetracija u corpus cavernusumu raste. Prema tome, seksualna stimulacija je uslov za dejstvo lijeka. NE\u017dELJENA DEJSTVA Ne\u017eeljena dejstva su obicno prolazna (min-sati), a blago su do umjereno izra\u017eena. Najce\u0161ca ne\u017eeljena dejstva su: prolazna glavobolja, crvenilo, vrtoglavica, dispepsija i rinitis. Osim toga, opisane su i sporadi\u010dne promjene vida (1,9%). Iako posjeduje blago vazodilatatorno dejstvo, sildenafil ne mijenja sr\u010danu frekvencu. MJERE OPREZA: Konsultujte va\u0161eg ljekara prije upotrebe i obratite mu pa\u017enju na ljekove za lije\u010denje angine pektorisa (npr. nitrati i slicno). Ne koristite ga posle isteka roka upotrebe ozna\u010denog na originalnom pakovanju. DOZIRANJE I NA\u010cIN PRIMJENE Preporucena doza je 100 mg, 30-60 min. prije seksualnog odnosa, a maksimalni broj doza u toku jednog dana je jedna tableta. Kamagra-film tablete su namijenjene za peroralnu primjenu. Gutaju se cijele, bez \u017evakanja uz malo tecnosti.<\/p>\n<p><strong style=\"margin: 0px;padding: 0px;border: 0px;font-size: 14px;vertical-align: baseline;background: none;font-weight: 700\">Diskrecija zagarantovana.<\/strong><\/p>\n<p>Dostava kurirom \u2013 Cijela Crna Gora: Podgorica, Nik\u0161i\u0107, Cetinje, Danilovgrad, Plu\u017eine, \u0160avnik, \u017dabljak, Pljevlja, Berane, Bijelo Polje, Petnjica, Ro\u017eaje, Plav, Bar, Ulcinj, Petrovac, Budva, Kotor, Tivat, Herceg Novi.<\/p>\n<p><strong style=\"margin: 0px;padding: 0px;border: 0px;font-size: 14px;vertical-align: baseline;background: none;font-weight: 700\">Pozovite ili po\u0161aljite poruku na:<span class=\"Apple-converted-space\">&nbsp;<\/span><a href=\"tel:067%20450%20300\" style=\"margin: 0px;padding: 0px;border: 0px;font-size: 14px;vertical-align: baseline;background: none;text-decoration: none\">067 450 300<\/a><span class=\"Apple-converted-space\">&nbsp;<\/span>\u2013 Viber WhatsApp<\/strong><\/p>\n","protected":false},"excerpt":{"rendered":"<p>Kamagra Gold 100 mg \u2013 Efikasan preparat za pobolj\u0161anje potencije<\/p>\n<p>Kamagra Gold film tablete sadr\u017ee 100 mg aktivnog sastojka sildenafila u obliku citrata, koji je najpoznatiji lijek za lije\u010denje erektilne disfunkcije i impotencije kod mu\u0161karaca. Ovaj preparat djeluje tako \u0161to opu\u0161ta krvne sudove u penisu, omogu\u0107avaju\u0107i pove\u0107an protok krvi tokom seksualne stimulacije, \u0161to rezultira \u010dvrstom i dugotrajnom erekcijom.<\/p>\n<p>Kamagra Gold ne izaziva erekciju ako nema seksualne stimulacije, \u0161to garantuje prirodnu funkciju i sigurnost. Djelovanje po\u010dinje 30 do 60 minuta nakon uzimanja tablete i traje do 4 sata.<\/p>\n<p>Pakovanje: 4 film tablete.<\/p>\n<p>Sastav:<\/p>\n<p>Svaka tableta sadr\u017ei 100 mg sildenafila kao aktivnog sastojka, kao i pomo\u0107ne supstance poput mikrokristalne celuloze, magnezijum stearata i drugih.<\/p>\n<p>Uputstvo za upotrebu:<\/p>\n<p>Preporu\u010duje se uzimanje jedne tablete 30 do 60 minuta prije seksualnog odnosa. Tabletu treba progutati cijelu, sa malo vode, a najbolje je uzimati je na prazan \u017eeludac radi br\u017ee i bolje apsorpcije.<\/p>\n<p>Va\u017eni savjeti:<\/p>\n<p>\u2022\tNe prekora\u010dujte preporu\u010denu dnevnu dozu.<\/p>\n<p>\u2022\tNe koristite Kamagra Gold ako uzimate nitrate ili imate problema sa srcem bez konsultacije sa ljekarom.<\/p>\n<p>\u2022\tMogu se javiti blagi ne\u017eeljeni efekti kao \u0161to su glavobolja, crvenilo, zapu\u0161en nos ili vrtoglavica, ali su uglavnom prolazni.<\/p>\n<p>Dostava u Podgorici i Crnoj Gori:<\/p>\n<p>Nudimo brzu, sigurnu i diskretnu dostavu Kamagra Gold tableta direktno na adresu \u0161irom Podgorice i Crne Gore, uz jednostavnu online kupovinu i garanciju kvaliteta.<\/p>\n<p><strong>Diskrecija zagarantovana.<\/strong><\/p>\n<p>Dostava kurirom &#8211; Cijela Crna Gora: Podgorica, Nik\u0161i\u0107, Cetinje, Danilovgrad, Plu\u017eine, \u0160avnik, \u017dabljak, Pljevlja, Berane, Bijelo Polje, Petnjica, Ro\u017eaje, Plav, Bar, Ulcinj, Petrovac, Budva, Kotor, Tivat, Herceg Novi.<\/p>\n<p><strong>Pozovite ili po\u0161aljite poruku na: 067 450 300 &#8211; Viber WhatsApp<\/strong><\/p>\n<p>&nbsp;<\/p>\n","protected":false},"featured_media":102,"comment_status":"open","ping_status":"closed","template":"","meta":{"_et_pb_use_builder":"off","_et_pb_old_content":"&nbsp;\r\n\r\n<strong>DEJSTVO:<\/strong>\r\n\r\nSildenafil je sna\u017ean selektivni inhibitor cGMP-specificne fosfodiesteraze (PDE 5), odgovorne za razlaganje ciklicnog GMP u corpus cavernusumu penisa. Lijek nema direktno relaksantno dejstvo ve\u0107 potencira dejstvo azotmonoksida (NO) u kavernoznom tijelu. Pri seksualnoj stimulaciji, kada je sistem NO\/cGMPaktiviran, sildenafil inhibise PDE 5, razgradnja cGMP je manja, pa njegova koncetracija u corpus cavernusumu raste. Prema tome, seksualna stimulacija je uslov za dejstvo lijeka.\r\n\r\n<strong>NE\u017dELJENA DEJSTVA<\/strong>\r\n\r\nNe\u017eeljena dejstva su obicno prolazna (min-sati), a blago su do umjereno izra\u017eena. Najce\u0161ca ne\u017eeljena dejstva su: prolazna glavobolja, crvenilo, vrtoglavica, dispepsija i rinitis. Osim toga, opisane su i sporadi\u010dne promjene vida (1,9%). Iako posjeduje blago vazodilatatorno dejstvo, sildenafil ne mijenja sr\u010danu frekvencu.\r\n\r\n<strong>MJERE OPREZA:<\/strong>\r\n\r\nKonsultujte va\u0161eg ljekara prije upotrebe i obratite mu pa\u017enju na ljekove za lije\u010denje angine pektorisa (npr. nitrati i slicno). Ne koristite ga posle isteka roka upotrebe ozna\u010denog na originalnom pakovanju.\r\n\r\n<strong>DOZIRANJE I NA\u010cIN PRIMJENE<\/strong>\r\n\r\nPreporucena doza je 100 mg, 30-60 min. prije seksualnog odnosa, a maksimalni broj doza u toku jednog dana je jedna tableta. Kamagra-film tablete su namijenjene za peroralnu primjenu. Gutaju se cijele, bez \u017evakanja uz malo tecnosti.\r\n\r\n&nbsp;","_et_gb_content_width":""},"product_brand":[17],"product_cat":[520,313,484,481,562,319,396,399,400,397,398,302,445,318,439,442,455,450,444,508,565,564,324,529,474,458,460,457,459,456,461,464,465,462,463,440,348,309,530,497,510,494,342,311],"product_tag":[59,54,55,62,48,49,588,589,63,47,56,61,58,53,50,57,51,64,60,52],"class_list":{"0":"post-101","1":"product","2":"type-product","3":"status-publish","4":"has-post-thumbnail","6":"product_brand-kamagra","7":"product_cat-diskretna-dostava-kamagra-podgorica","8":"product_cat-diskretna-dostava-podgorica","9":"product_cat-diskretna-kupovina","10":"product_cat-dostava-kamagra-crna-gora","11":"product_cat-kamagra-bez-recepta-crna-gora-online","12":"product_cat-kamagra-crna-gora","13":"product_cat-kamagra-gold","14":"product_cat-kamagra-gold-crna-gora","15":"product_cat-kamagra-gold-crna-gora-dostava","16":"product_cat-kamagra-gold-podgorica","17":"product_cat-kamagra-gold-podgorica-dostava","18":"product_cat-kamagra-gold-tablete","19":"product_cat-kamagra-online-kupovina-crna-gora","20":"product_cat-kamagra-podgorica","21":"product_cat-kamagra-podgorica-prodaja-original","22":"product_cat-kamagra-sigurna-kupovina-podgorica","23":"product_cat-kamagra-tablete-crna-gora","24":"product_cat-kamagra-tablete-crna-gora-dostava","25":"product_cat-kamagra-tablete-podgorica","26":"product_cat-kamagra-tablete-podgorica-dostava","27":"product_cat-kupiti-kamagru-u-crnoj-gori","28":"product_cat-najbolja-kamagra-za-erektilnu-disfunkciju-podgorica","29":"product_cat-najbolji-preparati-za-potenciju-podgorica","30":"product_cat-originalne-tablete-za-potenciju-sa-sildenafilom-u-podgorici-po-povoljnim-cijenama","31":"product_cat-originalni-sildenafil-podgorica","32":"product_cat-potencija-crna-gora","33":"product_cat-potencija-crna-gora-dostava","34":"product_cat-potencija-podgorica","35":"product_cat-potencija-podgorica-dostava","36":"product_cat-potenicija-podgorica-preparati","37":"product_cat-preparati-za-potenciju","38":"product_cat-preparati-za-potenciju-crna-gora","39":"product_cat-preparati-za-potenciju-crna-gora-dostava","40":"product_cat-preparati-za-potenciju-podgorica","41":"product_cat-preparati-za-potenciju-podgorica-dostava","42":"product_cat-sigurna-kupovina-kamagre","43":"product_cat-sildenafil","44":"product_cat-sildenafil-tablete","45":"product_cat-specijalizovani-preparati-za-produzen-i-kvalitetan-seksualni-ucinak-podgorica","46":"product_cat-tablete","47":"product_cat-tablete-za-potenciju-podgorica","48":"product_cat-za-musku-potenciju","49":"product_cat-za-musku-potenciju-podgorica","50":"product_cat-kamagra","51":"product_tag-bar","52":"product_tag-berane","53":"product_tag-bijelo-polje","54":"product_tag-budva","55":"product_tag-cetinje","56":"product_tag-danilovgrad","57":"product_tag-dostava-kurirom-cijela-crna-gora-podgorica","58":"product_tag-herceg-novi-2","59":"product_tag-kotor","60":"product_tag-niksic","61":"product_tag-petnjica","62":"product_tag-petrovac","63":"product_tag-plav","64":"product_tag-pljevlja","65":"product_tag-pluzine","66":"product_tag-rozaje","67":"product_tag-savnik","68":"product_tag-tivat","69":"product_tag-ulcinj","70":"product_tag-zabljak","72":"first","73":"instock","74":"shipping-taxable","75":"purchasable","76":"product-type-simple"},"_links":{"self":[{"href":"https:\/\/kamagra-podgorica.me\/index.php?rest_route=\/wp\/v2\/product\/101","targetHints":{"allow":["GET"]}}],"collection":[{"href":"https:\/\/kamagra-podgorica.me\/index.php?rest_route=\/wp\/v2\/product"}],"about":[{"href":"https:\/\/kamagra-podgorica.me\/index.php?rest_route=\/wp\/v2\/types\/product"}],"replies":[{"embeddable":true,"href":"https:\/\/kamagra-podgorica.me\/index.php?rest_route=%2Fwp%2Fv2%2Fcomments&post=101"}],"wp:featuredmedia":[{"embeddable":true,"href":"https:\/\/kamagra-podgorica.me\/index.php?rest_route=\/wp\/v2\/media\/102"}],"wp:attachment":[{"href":"https:\/\/kamagra-podgorica.me\/index.php?rest_route=%2Fwp%2Fv2%2Fmedia&parent=101"}],"wp:term":[{"taxonomy":"product_brand","embeddable":true,"href":"https:\/\/kamagra-podgorica.me\/index.php?rest_route=%2Fwp%2Fv2%2Fproduct_brand&post=101"},{"taxonomy":"product_cat","embeddable":true,"href":"https:\/\/kamagra-podgorica.me\/index.php?rest_route=%2Fwp%2Fv2%2Fproduct_cat&post=101"},{"taxonomy":"product_tag","embeddable":true,"href":"https:\/\/kamagra-podgorica.me\/index.php?rest_route=%2Fwp%2Fv2%2Fproduct_tag&post=101"}],"curies":[{"name":"wp","href":"https:\/\/api.w.org\/{rel}","templated":true}]}}