{"id":180,"date":"2025-07-08T14:44:41","date_gmt":"2025-07-08T14:44:41","guid":{"rendered":"https:\/\/kamagra-podgorica.me\/?post_type=product&#038;p=180"},"modified":"2026-04-05T09:19:43","modified_gmt":"2026-04-05T09:19:43","slug":"stud-100-sprej-za-muskarce-za-duzi-odnos","status":"publish","type":"product","link":"https:\/\/kamagra-podgorica.me\/?product=stud-100-sprej-za-muskarce-za-duzi-odnos","title":{"rendered":"Stud 100 Sprej za Mu\u0161karce \u2013 Sprej za Du\u017ei Odnos Podgorica Crna Gora"},"content":{"rendered":"<p>SASTAV<br \/>\nJedna bocica STUD 100 spreja sadrzi sledece sastojke:<br \/>\n\u2013 Lidocaine chloride 9,6%<br \/>\n\u2013 Isopropyl myristate<br \/>\n\u2013 Stearic acid<br \/>\n\u2013 Hypericum perforatum<br \/>\n\u2013 Humuli lupuli<br \/>\n\u2013 Pivski kvasac<br \/>\ni druge pomocne supstance do zapremine od 12ml.<\/p>\n<p>DEJSTVO<br \/>\nSTUD 100 sprej sadrzi pazljivo odabrane supstance biljnog porekla (prirpdni lidocaine chloride,isopropyl myristate,stearic acid), koje vremenom deluju umirujuce na nervne zavrsetke penisa i na taj nacin sprecavaju prevremenu ejakulaciju (svrsavanje).<br \/>\nHypericum perforatum deluje kao selektivni inhibitor ponovnog preuzimanja serotonina,koji kao sporedan efekat ima teze dostizanje seksualnog vrhunca i odlaganje ejakulacije tj. svrsavanja.<br \/>\nHumuli lupuli deluje umirujuce na nerve u penisu i na taj nacin stisava polnu nadrazenost.<br \/>\nPivski kvasac sadrzi kompleks vitamina B koji igraju znacajnu ulogu u ishrani nervnih zavrsetaka penisa.<\/p>\n<p>INDIKACIJE<br \/>\nPrevremena ejakulacija tj. svrsavanje i nemogu\u0107nost da se zadovolji partnerka.<\/p>\n<p>DOZIRANJE<br \/>\nPreporucena primena STUD spreja je 1-2 puta dnevno 15 minuta pre seksualnog odnosa (aktivnosti), a maksimalni broj aplikacija u toku jednog dana je 2-3 puta. Takodje se ne preporucuje kontinuirana upotreba STUD spreja duze od tri meseca.<\/p>\n<p>NACIN PRIMENE<br \/>\nSTUD sprej je namenjen za lokalnu primenu. Na glavic i telo penisa naprskati sprej 15-ak minuta pre seksualne aktivnosti tj. odnosa. Dozvoljena upotreba sa svim vrstama kondoma.<\/p>\n<p>NE\u017dELJENA DEJSTVA<br \/>\nSTUD sprej je napravljen u potpunosti od prirodnih sastojaka. Nezeljena dejstva ili nuspojave nisu do sada uoceni ili ne postoje.<\/p>\n<p>NA\u010cIN \u010cUVANJA<br \/>\nZatvorenu bocicu cuvati na tamnom i suvom mestu,na sobnoj temperaturi. Ne izlagati direktno suncevoj svetlosti.<\/p>\n<p>ROK UPOTREBE<br \/>\nOzna\u010den na originalnom pakovanju.<\/p>\n<p>PAKOVANJE<br \/>\nZapremina jedne bocice je 12ml.<\/p>\n","protected":false},"excerpt":{"rendered":"<p>STUD 100 Sprej sadrzi pazljivo odabrane supstance biljnog porijekla (Prirodni Lidocaine Chloride, Isopropyl, Myristate, Stearic Acid) Koje vremenom djeluju umirujuce na nervne zavrsetke penisa i na taj nacin sprecavaju prijevremenu ejakulaciju (orgazam kod muskarca).<\/p>\n<p><strong>Diskrecija zagarantovana.<\/strong><\/p>\n<p>Dostava kurirom &#8211; Cijela Crna Gora: Podgorica, Nik\u0161i\u0107, Cetinje, Danilovgrad, Plu\u017eine, \u0160avnik, \u017dabljak, Pljevlja, Berane, Bijelo Polje, Petnjica, Ro\u017eaje, Plav, Bar, Ulcinj, Petrovac, Budva, Kotor, Tivat, Herceg Novi.<\/p>\n<p><strong>Pozovite ili po\u0161aljite poruku na: 067 450 300 &#8211; Viber WhatsApp<\/strong><\/p>\n<p>&nbsp;<\/p>\n","protected":false},"featured_media":181,"comment_status":"open","ping_status":"closed","template":"","meta":{"_et_pb_use_builder":"off","_et_pb_old_content":"\u00a0\r\n\r\n<strong>DEJSTVO:<\/strong>\r\n\r\nSildenafil je sna\u017ean selektivni inhibitor cGMP-specificne fosfodiesteraze (PDE 5), odgovorne za razlaganje ciklicnog GMP u corpus cavernusumu penisa. Lijek nema direktno relaksantno dejstvo ve\u0107 potencira dejstvo azotmonoksida (NO) u kavernoznom tijelu. Pri seksualnoj stimulaciji, kada je sistem NO\/cGMPaktiviran, sildenafil inhibise PDE 5, razgradnja cGMP je manja, pa njegova koncetracija u corpus cavernusumu raste. Prema tome, seksualna stimulacija je uslov za dejstvo lijeka.\r\n\r\n<strong>NE\u017dELJENA DEJSTVA<\/strong>\r\n\r\nNe\u017eeljena dejstva su obicno prolazna (min-sati), a blago su do umjereno izra\u017eena. Najce\u0161ca ne\u017eeljena dejstva su: prolazna glavobolja, crvenilo, vrtoglavica, dispepsija i rinitis. Osim toga, opisane su i sporadi\u010dne promjene vida (1,9%). Iako posjeduje blago vazodilatatorno dejstvo, sildenafil ne mijenja sr\u010danu frekvencu.\r\n\r\n<strong>MJERE OPREZA:<\/strong>\r\n\r\nKonsultujte va\u0161eg ljekara prije upotrebe i obratite mu pa\u017enju na ljekove za lije\u010denje angine pektorisa (npr. nitrati i slicno). Ne koristite ga posle isteka roka upotrebe ozna\u010denog na originalnom pakovanju.\r\n\r\n<strong>DOZIRANJE I NA\u010cIN PRIMJENE<\/strong>\r\n\r\nPreporucena doza je 100 mg, 30-60 min. prije seksualnog odnosa, a maksimalni broj doza u toku jednog dana je jedna tableta. Kamagra-film tablete su namijenjene za peroralnu primjenu. Gutaju se cijele, bez \u017evakanja uz malo tecnosti.\r\n\r\n\u00a0","_et_gb_content_width":""},"product_brand":[42],"product_cat":[313,324,458,460,457,459,456,507,464,465,462,463,165,530,482,303,401,402,405,406,403,404,407,343,494,342],"product_tag":[59,54,55,62,48,49,588,589,63,47,56,61,58,53,50,57,51,64,60,52],"class_list":{"0":"post-180","1":"product","2":"type-product","3":"status-publish","4":"has-post-thumbnail","6":"product_brand-stud","7":"product_cat-diskretna-dostava-podgorica","8":"product_cat-najbolji-preparati-za-potenciju-podgorica","9":"product_cat-potencija-crna-gora","10":"product_cat-potencija-crna-gora-dostava","11":"product_cat-potencija-podgorica","12":"product_cat-potencija-podgorica-dostava","13":"product_cat-potenicija-podgorica-preparati","14":"product_cat-potencija-preparati-crna-gora","15":"product_cat-preparati-za-potenciju-crna-gora","16":"product_cat-preparati-za-potenciju-crna-gora-dostava","17":"product_cat-preparati-za-potenciju-podgorica","18":"product_cat-preparati-za-potenciju-podgorica-dostava","19":"product_cat-prirodni-preparati-za-potenciju","20":"product_cat-specijalizovani-preparati-za-produzen-i-kvalitetan-seksualni-ucinak-podgorica","21":"product_cat-sprej","22":"product_cat-sprejevi-za-duzi-odnos","23":"product_cat-stud","24":"product_cat-stud-sprej","25":"product_cat-stud-sprej-crna-gora","26":"product_cat-stud-sprej-crna-gora-dostava","27":"product_cat-stud-sprej-podgorica","28":"product_cat-stud-sprej-podgorica-dostava","29":"product_cat-stud-sprej-za-duzi-odnos","30":"product_cat-za-duzi-odnos","31":"product_cat-za-musku-potenciju","32":"product_cat-za-musku-potenciju-podgorica","33":"product_tag-bar","34":"product_tag-berane","35":"product_tag-bijelo-polje","36":"product_tag-budva","37":"product_tag-cetinje","38":"product_tag-danilovgrad","39":"product_tag-dostava-kurirom-cijela-crna-gora-podgorica","40":"product_tag-herceg-novi-2","41":"product_tag-kotor","42":"product_tag-niksic","43":"product_tag-petnjica","44":"product_tag-petrovac","45":"product_tag-plav","46":"product_tag-pljevlja","47":"product_tag-pluzine","48":"product_tag-rozaje","49":"product_tag-savnik","50":"product_tag-tivat","51":"product_tag-ulcinj","52":"product_tag-zabljak","54":"first","55":"instock","56":"shipping-taxable","57":"purchasable","58":"product-type-simple"},"_links":{"self":[{"href":"https:\/\/kamagra-podgorica.me\/index.php?rest_route=\/wp\/v2\/product\/180","targetHints":{"allow":["GET"]}}],"collection":[{"href":"https:\/\/kamagra-podgorica.me\/index.php?rest_route=\/wp\/v2\/product"}],"about":[{"href":"https:\/\/kamagra-podgorica.me\/index.php?rest_route=\/wp\/v2\/types\/product"}],"replies":[{"embeddable":true,"href":"https:\/\/kamagra-podgorica.me\/index.php?rest_route=%2Fwp%2Fv2%2Fcomments&post=180"}],"wp:featuredmedia":[{"embeddable":true,"href":"https:\/\/kamagra-podgorica.me\/index.php?rest_route=\/wp\/v2\/media\/181"}],"wp:attachment":[{"href":"https:\/\/kamagra-podgorica.me\/index.php?rest_route=%2Fwp%2Fv2%2Fmedia&parent=180"}],"wp:term":[{"taxonomy":"product_brand","embeddable":true,"href":"https:\/\/kamagra-podgorica.me\/index.php?rest_route=%2Fwp%2Fv2%2Fproduct_brand&post=180"},{"taxonomy":"product_cat","embeddable":true,"href":"https:\/\/kamagra-podgorica.me\/index.php?rest_route=%2Fwp%2Fv2%2Fproduct_cat&post=180"},{"taxonomy":"product_tag","embeddable":true,"href":"https:\/\/kamagra-podgorica.me\/index.php?rest_route=%2Fwp%2Fv2%2Fproduct_tag&post=180"}],"curies":[{"name":"wp","href":"https:\/\/api.w.org\/{rel}","templated":true}]}}